t h be m(0). Let i(t) = t**3 + t. Let w be i(2). Calculate the greatest common divisor of w and h.
10
Let h = 15 + -10. Let p(o) = 2*o + 37. Let s be p(-16). What is the greatest common divisor of s and h?
5
Suppose -4*u - 1427 = -4*m + 1449, 2*m + 1454 = -2*u. Let d be 2/(-8) - u/12. Let a be ((-4)/5)/((-1)/30). What is the greatest common factor of d and a?
12
Let s be (-3)/(14/20 + -1). Let z = -9 + 11. Let i be (0 + z)*(-5)/(-2). Calculate the greatest common divisor of i and s.
5
Suppose 10*i - 83 = 77. Suppose -w + 384 = 2*w - 5*h, 5*w + 3*h = 606. Let a = 235 - w. Calculate the greatest common divisor of i and a.
16
Let n be ((-32)/3)/(2/(-3)). Calculate the greatest common divisor of n and 16.
16
Let t be 2/(-2 + 28/12). Suppose -9 = 2*q - 5*q + f, -f + 15 = 3*q. Calculate the greatest common factor of t and q.
2
Let m(g) = -5*g**3 + g**2 + g - 2. Let s be m(-2). Let c = s + -20. What is the highest common factor of c and 40?
20
Suppose -8 - 136 = -4*s. Let o be -24*(2/(-1) - -3). Let t = s + o. What is the greatest common factor of 48 and t?
12
Let q(z) = -13*z + 4. Let f be q(-7). Suppose -385 = -5*l + f. Suppose -m = -5*y - 0 - 37, m = -y + 7. Calculate the highest common factor of l and m.
12
Let f be (10/(-6))/(4/(-60)*5). Calculate the highest common divisor of 5 and f.
5
Suppose -c - 3*c - i = -198, 5*c = 2*i + 241. Suppose -37 = -5*t - 2. Calculate the highest common divisor of c and t.
7
Suppose 5*w + 2925 = -u, -5*w - 4*u + 2*u = 2930. Let l be 2/(-4) + w/(-16). Calculate the greatest common divisor of 4 and l.
4
Suppose 0 = -z + 5*z - 40. Let a be 2/(-6) - 222/(-18). Let v be 308/a + 6/(-9). Calculate the highest common factor of z and v.
5
Suppose 2*s - 97 = 3*m, 2*s + 32 = -m + 3*s. Let f = 82 + m. Calculate the highest common divisor of f and 7.
7
Suppose 111 = -5*k + 786. Suppose 0 = -4*j + t - 41, 0 = 5*j - 5*t + 16 + 24. Let h = j + 26. Calculate the highest common divisor of k and h.
15
Let l(t) = t + 70. Let n be l(0). Let d(i) = -i - 3. Let y be d(-4). Let g(x) = 28*x. Let s be g(y). Calculate the greatest common factor of n and s.
14
Let v be -4*11*1*-1. Let a = 157 - 153. Calculate the highest common divisor of a and v.
4
Let k be (-42)/(-1)*(-30)/(-9). What is the highest common factor of k and 10?
10
Suppose 0 = -4*x + 2*w + 16 - 6, x = 4*w - 15. Let f = x + 4. What is the highest common factor of f and 18?
9
Let n(q) = 0*q + 2*q**2 + 2 + 5*q - q + 0. Let z be n(-3). What is the greatest common divisor of z and 80?
8
Let p = -88 + 168. Calculate the greatest common divisor of 10 and p.
10
Let h = 3 - 1. Let y = 11 + 7. Suppose -4 + y = i. What is the greatest common factor of h and i?
2
Let a(s) = 6 + 2 - s - 4 + 0*s. Let n be a(-10). Calculate the highest common factor of 7 and n.
7
Suppose 4*h + 55 = h + m, 4*h - 3*m + 75 = 0. Let c be h*((-8)/(-6))/(-2). Suppose -2 = -2*q + c. What is the highest common divisor of 35 and q?
7
Suppose 4*o = o + 108. Let n = 59 + -41. What is the highest common factor of o and n?
18
Let m(l) = -3*l. Let p be m(-1). Let k(d) = 3 + 5*d - 2*d**2 - d + 7*d**2 + d**p. Let f be k(-4). Calculate the highest common divisor of f and 6.
3
Suppose 10 = -3*b + 8*b. Let j be (-92)/(-28) + (-6)/21. What is the greatest common divisor of b and j?
1
Let o = -3 - -7. Suppose -i = -3, -3*i - 53 = -5*p - o*i. Let c(r) = 26*r**3 - r**2 + r - 1. Let h be c(1). Calculate the greatest common divisor of h and p.
5
Let a = -3 - -8. Let h(m) = 2*m**2 - m. Let d be h(a). What is the highest common factor of 30 and d?
15
Let m = 126 - 41. Calculate the greatest common divisor of 17 and m.
17
Let j be 2/8 + (-618)/(-24). Let p = -20 + j. Calculate the highest common factor of p and 2.
2
Suppose 40*z + 48 = 43*z. What is the greatest common divisor of 1 and z?
1
Let w be (-1)/(-1)*177/3. Suppose 3*z + z - 1468 = 0. Suppose -2*o - w = -z. What is the highest common divisor of 14 and o?
14
Let b = 206 + -106. Let m be 1/4 - (-247)/4. Let x be m/3 + (-2)/3. Calculate the highest common factor of b and x.
20
Suppose -56 = -i - 4*k + 4, k - 3 = 0. Let a(t) = -t**2 - 8*t - 3. Let y be a(-5). Calculate the greatest common divisor of y and i.
12
Suppose 7*o = 3*o + 480. What is the greatest common factor of o and 24?
24
Let d be 4/(-6)*(3 + -6). Suppose 41 = 4*v - d*f + 5, 5*f = -4*v + 36. Let s = 36 - -36. What is the highest common divisor of v and s?
9
Let r(o) = o - 4. Let x be r(6). Suppose -x*j = 3*j - 140. Suppose 8*k - 5*k - 126 = 0. Calculate the highest common factor of k and j.
14
Suppose -3*z + 307 = 5*d, -7*z + 3*z + 4*d = -388. Let r be 15 - (-5 - -1)*-1. Calculate the highest common divisor of r and z.
11
Let n(f) = 2*f**2 + 5*f + 3. Let z be n(-3). Suppose 0 = 2*v - z - 6. Let s = -4 + v. Calculate the greatest common factor of 16 and s.
2
Let k = 35 + -24. Suppose -w + 18 = -3*y + 5*y, 5*w - 5*y - 120 = 0. Calculate the highest common divisor of k and w.
11
Let t(r) = -r**3 + 8*r**2 + 3*r - 15. Let c be t(7). Calculate the highest common factor of c and 22.
11
Suppose -5*j + 159 = -466. What is the highest common divisor of j and 25?
25
Let s(w) = w**2 - 5*w - 4. Let g be s(6). Suppose 3*r = -v + 6*r + 18, 5*v = g*r + 90. Calculate the highest common divisor of 72 and v.
18
Let b = -7 + 5. Let v be -22*((-6)/(-4) + b). Calculate the greatest common divisor of v and 55.
11
Let w be 4/6 - (-6)/(-9). Suppose -4*c + 42 - 10 = w. Calculate the highest common factor of c and 64.
8
Let z = 0 + -1. Let l be 7/z*(-4 - -2). Let y(v) = 32*v + 2. Let c be y(3). Calculate the greatest common factor of l and c.
14
Suppose -3*u - x + 11 = -0*u, -u = 4*x - 11. Suppose 0 = 4*p - 1 - 83. Calculate the highest common divisor of p and u.
3
Suppose -5*l - 96 = -8*l. What is the highest common factor of l and 8?
8
Suppose 3*a + 0*p - 8 = -p, -5*a = -5*p. Let f be (0 + 3 - 3) + a. Let y be ((-98)/(-21))/(f/6). Calculate the greatest common factor of 14 and y.
14
Let x = 23 - 12. Let t = -81 - -136. What is the greatest common divisor of t and x?
11
Suppose 4*l + l + 49 = x, -3*l = -x + 39. Let y = -65 - -101. Calculate the highest common factor of y and x.
12
Suppose -2*m - 5*w = -50, 5*m - 4*w - 160 = w. What is the highest common divisor of 20 and m?
10
Suppose 7*b - 11*b + 896 = 0. Calculate the greatest common divisor of b and 28.
28
Let k = 41 - 26. Suppose 2*c = -3*y + 88 + 191, -3*c + 2*y = -399. What is the greatest common factor of k and c?
15
Suppose 2*c + 2 + 4 = 0. Let o = c + 8. Suppose -o = -3*g - 2*g. What is the greatest common divisor of 7 and g?
1
Let n = 43 + -23. Calculate the greatest common factor of 30 and n.
10
Let b = -1 + -4. Let u = 7 + b. Suppose -84 = -u*k - 4*t, -t - t = 5*k - 170. What is the greatest common factor of 4 and k?
4
Suppose 3*v - v - 24 = 0. Let a be 2/v - 1006/(-12). Suppose -d = 2*d - a. Calculate the highest common divisor of 70 and d.
14
Let q be (-3 + 1)*12 + -2. Let i = q - -43. What is the greatest common divisor of i and 51?
17
Suppose -5*o + 25 = 4*z, -3*o = -z - z - 37. What is the greatest common divisor of 6 and o?
3
Let j(k) = 2*k**2 - 17*k - 8. Let m be j(12). Suppose -b = 4*c - 2*b + 175, -4*c = 3*b + 163. Let a = c + m. Calculate the highest common divisor of 22 and a.
11
Let v be ((-1)/2)/((-20)/160). Suppose k - 6 = -v. What is the greatest common divisor of k and 14?
2
Suppose u = -3*w - 3 - 1, -3*u + 3*w = -12. Let p be (26 - u)*4/6. Suppose 4*b = -0*b + p. Calculate the greatest common divisor of 10 and b.
2
Suppose 4*b = 2*z - 82, -3*z + 5*b + 107 = -18. Calculate the highest common factor of 15 and z.
15
Let v(k) be the first derivative of 9*k**2/2 - 3*k - 3. Let i = 3 + 1. Let o be v(i). Calculate the highest common divisor of 22 and o.
11
Suppose 0 = -v + 20 + 97. Calculate the highest common divisor of 13 and v.
13
Suppose c - 15 = 6*c, -q + 4*c = -19. Let i = 235 - 167. Let m be (i - -1) + (4 - 3). Calculate the highest common divisor of q and m.
7
Let p(w) = -7*w**2 + 3*w - 2. Let g be p(4). Let c be g/(-4) - 1/(-2). Let d be (2/3)/(8/468). What is the greatest common factor of c and d?
13
Suppose 0 = 3*t + 2*t - 75. What is the greatest common divisor of 3 and t?
3
Suppose w + d + 15 = -3*d, -4*w + 3 = -5*d. Let t = 4 + w. Let z be -3*1/(-3)*t.